e the highest common factor of 28 and 4336.
4
Calculate the highest common factor of 2646951 and 639.
213
What is the greatest common divisor of 700 and 5530?
70
What is the highest common factor of 2656 and 13861?
83
Calculate the greatest common factor of 85464 and 30.
6
Calculate the highest common factor of 2850232 and 64.
8
Calculate the highest common divisor of 25 and 274725.
25
Calculate the highest common factor of 1878255 and 135.
135
What is the highest common factor of 191019 and 246?
123
What is the greatest common divisor of 2107 and 731?
43
What is the greatest common factor of 34 and 10319?
17
What is the greatest common divisor of 3 and 410299?
1
Calculate the highest common divisor of 37680 and 2640.
240
What is the greatest common factor of 363 and 123189?
33
Calculate the highest common factor of 20916 and 105.
21
What is the highest common factor of 30 and 339630?
30
What is the greatest common factor of 80 and 1139140?
20
What is the highest common divisor of 185262 and 182?
14
Calculate the greatest common divisor of 93267 and 2322.
387
What is the greatest common divisor of 4998 and 32606?
238
What is the highest common factor of 30 and 617055?
15
Calculate the highest common divisor of 36 and 41508.
36
Calculate the greatest common factor of 506316 and 24.
12
What is the highest common factor of 519 and 8204871?
519
Calculate the highest common divisor of 32 and 14752.
32
What is the highest common factor of 2 and 6866?
2
What is the greatest common factor of 1233 and 347158?
137
What is the greatest common divisor of 5 and 182940?
5
What is the highest common divisor of 238 and 1582?
14
Calculate the greatest common factor of 913122 and 252.
126
What is the greatest common divisor of 2484 and 26616?
12
What is the highest common divisor of 390 and 3065?
5
Calculate the greatest common factor of 135 and 1635.
15
Calculate the greatest common factor of 4383341 and 67.
67
Calculate the greatest common factor of 523 and 7.
1
What is the highest common divisor of 128617 and 41?
41
What is the greatest common divisor of 171 and 2574?
9
Calculate the highest common divisor of 1000 and 221750.
250
What is the highest common factor of 26320 and 840?
280
What is the greatest common factor of 2500 and 217900?
100
Calculate the greatest common divisor of 20 and 76815.
5
Calculate the greatest common factor of 1160 and 5160.
40
Calculate the highest common divisor of 17314466 and 731.
731
Calculate the greatest common factor of 123752 and 1488.
248
Calculate the greatest common divisor of 20 and 1289140.
20
Calculate the highest common factor of 70 and 129840.
10
What is the highest common factor of 78 and 8982?
6
Calculate the greatest common factor of 1169 and 8640079.
1169
What is the highest common divisor of 1072016 and 132?
44
What is the highest common divisor of 207 and 4564557?
207
What is the highest common factor of 1673 and 418489?
239
Calculate the greatest common factor of 110075 and 6307.
119
Calculate the highest common divisor of 46023 and 11484.
87
Calculate the greatest common factor of 30276 and 8091.
261
What is the highest common divisor of 126 and 95634?
126
What is the highest common factor of 170744 and 581?
7
What is the highest common divisor of 10164 and 5412?
132
What is the highest common factor of 40 and 24984?
8
Calculate the highest common divisor of 1896 and 64.
8
What is the highest common divisor of 9211 and 25217?
151
Calculate the highest common factor of 850 and 3350.
50
Calculate the greatest common divisor of 796020 and 60.
60
What is the greatest common factor of 26 and 28834?
26
Calculate the highest common divisor of 535934 and 14.
14
Calculate the highest common factor of 6 and 2338746.
6
Calculate the greatest common factor of 648 and 257013.
81
Calculate the highest common factor of 2907 and 10149.
51
What is the highest common divisor of 190040 and 20?
20
What is the greatest common factor of 706 and 772364?
706
Calculate the highest common factor of 16 and 251024.
16
What is the highest common factor of 6272 and 802592?
224
Calculate the highest common factor of 57 and 243086.
19
What is the highest common divisor of 234 and 30?
6
Calculate the highest common factor of 526032 and 3328.
208
What is the greatest common divisor of 2312 and 587826?
578
Calculate the greatest common divisor of 274 and 68911.
137
Calculate the greatest common factor of 15016 and 264.
8
Calculate the greatest common factor of 136045 and 385.
35
Calculate the greatest common factor of 673 and 1.
1
Calculate the greatest common divisor of 24 and 13448.
8
Calculate the highest common factor of 24 and 40308.
12
What is the greatest common divisor of 9893 and 43377?
761
Calculate the greatest common factor of 123039 and 651.
651
Calculate the highest common factor of 17 and 557311.
17
Calculate the highest common divisor of 14407 and 4.
1
Calculate the greatest common divisor of 802500 and 525.
75
What is the highest common divisor of 44 and 54230?
22
Calculate the highest common divisor of 3425 and 161249.
137
Calculate the highest common divisor of 77925 and 225.
75
What is the greatest common factor of 4634 and 378?
14
What is the highest common divisor of 380174 and 37754?
878
What is the highest common divisor of 538432 and 13536?
1504
Calculate the highest common divisor of 144482 and 52.
26
Calculate the greatest common divisor of 3 and 435240.
3
Calculate the highest common divisor of 130780 and 260.
260
What is the highest common divisor of 155471 and 1391?
107
What is the highest common factor of 864 and 1504?
32
Calculate the greatest common divisor of 74 and 4238.
2
Calculate the greatest common divisor of 13588168 and 341.
341
What is the greatest common divisor of 78 and 2179138?
26
Calculate the greatest common factor of 110 and 596354.
22
What is the greatest common divisor of 2387 and 64988?
77
Calculate the greatest common divisor of 4850 and 50.
50
What is the highest common divisor of 24 and 28947?
3
Calculate the greatest common divisor of 6 and 255804.
6
Calculate the highest common factor of 8811 and 1584.
99
What is the highest common divisor of 972 and 65556?
108
What is the highest common factor of 617434 and 146?
146
What is the highest common factor of 8489 and 31997?
653
What is the greatest common divisor of 36 and 23172?
12
What is the greatest common divisor of 19201 and 91?
91
What is the highest common divisor of 16543 and 466?
233
Calculate the greatest common factor of 497245 and 70.
35
Calculate the greatest common divisor of 290080 and 4410.
490
What is the highest common factor of 345 and 8249295?
345
Calculate the greatest common factor of 2 and 401791.
1
Calculate the highest common factor of 60 and 9444.
12
Calculate the highest common factor of 1893 and 10727.
631
What is the greatest common factor of 1998 and 5028966?
1998
What is the greatest common factor of 8 and 431128?
8
Calculate the greatest common divisor of 78 and 107835.
39
What is the highest common factor of 552 and 36731?
23
Calculate the highest common factor of 686507 and 137.
137
Calculate the greatest common factor of 728 and 22841.
91
What is the greatest common factor of 316670 and 10?
10
What is the greatest common factor of 23 and 330901?
23
Calculate the highest common factor of 451 and 37228.
41
Calculate the greatest common factor of 184888 and 726.
242
Calculate the greatest common factor of 191552 and 3280.
656
Calculate the greatest common factor of 2888 and 2087302.
722
Calculate the highest common divisor of 9 and 27.
9
What is the greatest common factor of 633 and 25742?
211
What is the highest common divisor of 8658 and 1998?
666
What is the greatest common divisor of 54190 and 40?
10
What is the greatest common divisor of 61 and 94062?
61
Calculate the highest common factor of 1578 and 257740.
526
Calculate the highest common factor of 1515 and 720.
15
What is the highest common divisor of 3971190 and 475?
95
Calculate the greatest common factor of 274799 and 5439.
259
What is the greatest common divisor of 63753 and 13719?
807
Calculate the highest common divisor of 45 and 2545.
5
Calculate the highest common factor of 72 and 2645388.
36
Calculate the highest common factor of 315 